+ (-7)/21. Let v(n) = n + 4 + o + 2. What is the units digit of v(7)?
6
Suppose 4*k + 7*x - 228 = 4*x, 0 = -3*k - 5*x + 182. Suppose 4*f = -2*f + k. Suppose -f*p = -6*p - 168. What is the tens digit of p?
5
Let i(c) = -1 + 0*c + 7*c - 2*c**2 - 4*c + 2*c**3. What is the tens digit of i(2)?
1
Let k(h) = 19*h - 2. Let j be k(-4). Let m be j/30 + 2/(-5). What is the units digit of (-188)/(-12) + (-1)/m?
6
Let v(c) = c**2 - 2*c + 6. Let y be v(0). Let q = 128 - y. What is the tens digit of q?
2
Let h be ((-54)/36)/(1/(-74)). Let f = h + -70. What is the tens digit of f?
4
Suppose -4*p + 2041 = -1351. What is the tens digit of p?
4
Let b = 4 - 2. Suppose 88 = 3*u - b. What is the units digit of (-3)/(-3) + u + -2?
9
Let z(s) = -6*s**2 + 4 - s**3 + 3 - s - 2. Let v be z(-7). What is the tens digit of v/2 - (-8)/16?
3
Let i = 4100 + -2382. What is the tens digit of i?
1
Let h(u) = u**3 - 4*u**2 - 8*u - 5. Let g be h(6). Let y = -17 + g. Suppose 0 = 4*d + 5*n - 186, -y*d - 2*d + n + 174 = 0. What is the tens digit of d?
4
Suppose -5*d - 57 + 202 = -k, 4*k + 20 = 0. Let g = d - -11. What is the tens digit of g?
3
Suppose 5*k = -12 - 158. Let j = -1089 + 651. What is the units digit of (k/51)/(4/j)?
3
Suppose 35*j - 13443 - 84592 = 0. What is the thousands digit of j?
2
Suppose 0 = 4*c - 0*c - 20. Suppose 0 = -c*o + 4*x - 57 - 13, -2*o - 31 = -x. Let r = 29 + o. What is the tens digit of r?
1
Suppose 0 = 4*x + 82*k - 84*k - 7754, 4*x - k - 7749 = 0. What is the tens digit of x?
3
Suppose -13*d + 8160 = 1543. What is the tens digit of d?
0
Suppose -6*d + 6496 = d. What is the hundreds digit of d/5 - (-4)/40*4?
1
Let x be 3/(45/10)*6. Let f(j) = -j**3 - 5*j**2 - j + 2. Let r be f(-5). Suppose -x*k + r = -105. What is the tens digit of k?
2
Let d(y) = y + 7. Let w be d(-6). Let q(l) = -5*l**2 + 4 - l + w + 8*l + 4*l**2. What is the units digit of q(6)?
1
Suppose 0 = -v - 5*w + 68, -3 = 3*w + 12. Let g = 156 - v. What is the tens digit of g?
6
Let n be 20/5*6/8. Let l(o) = 9*o**3 - 6*o**2 + 7*o - 2. Let i be l(n). Suppose i - 32 = 4*f + 4*q, f + 4*q - 59 = 0. What is the tens digit of f?
3
Suppose w - 2*w + 13 = -4*a, 2*w - 5*a = 20. Suppose 2*j + c = -65, -2*c - 146 - 16 = w*j. What is the tens digit of (-335)/(-9) + j/144?
3
Suppose 3*d - 20 = 109. Let t be ((-1088)/96)/(4/(-6)). Let o = d - t. What is the tens digit of o?
2
Let d = 940 + -607. What is the units digit of d?
3
Suppose j + 1955 = 3*z, -5*z = j - 4*j - 3253. What is the units digit of z?
3
Let v be (-129)/(0 + -3) + 2. Suppose -3*n = -k + 72, 2*n = -0*k - 2*k + 152. Let r = k - v. What is the tens digit of r?
3
Let b be 2*3 - (-4 + 3). What is the units digit of (-124 - 0/(-1))/(b + -8)?
4
Let w be (-17)/68 + (-7)/4. Let j be (w - -4 - 6)/(-1). Suppose 5*q = -4*u + 203, j*q + 4*u - 38 = 126. What is the tens digit of q?
3
Let o = 162 + -63. What is the tens digit of o?
9
Let m = 638 - 337. What is the units digit of m?
1
Suppose -1620 = -5*h - 5*k, 0*h + 4*h - 5*k = 1260. Suppose h = 3*u + 5*u. What is the tens digit of u?
4
Let q(k) = 9*k**2 + 12*k + 84. What is the hundreds digit of q(-6)?
3
Suppose -8 = -2*n, -n - 78 = -2*g + n. Let y = g - 24. Suppose 0 = 4*p + 3*a - 245, -42 - y = -p - a. What is the units digit of p?
2
Let v be -1 + 7 + (0 - 1). Suppose -186 = -3*u - 2*k, v*u - 372 = 4*k - 84. What is the tens digit of u?
6
Suppose 3*g + 3*n = -255, g - 6*g + 4*n = 443. Let p = 14 - g. What is the hundreds digit of p?
1
Let y = -45 - -47. What is the tens digit of 1*580/8*y?
4
Let u(w) = -220*w + 65. What is the tens digit of u(-4)?
4
Suppose 4*t = 6 + 6. Suppose t*j + 10 - 16 = 0. Suppose 0 = 3*z - s - 74, -j*s - 9 - 47 = -2*z. What is the tens digit of z?
2
Let u be (-1*(-8 + 4))/(-1). Let x = 39 - u. What is the units digit of x?
3
Let d = -53 + 273. Let p = d + -92. What is the units digit of p?
8
What is the hundreds digit of 355/(-50) + 7 + (-28842)/(-20)?
4
Let z(w) = 11*w**3 + 56*w**2 + 40*w - 55. Let i(d) = -4*d**3 - 19*d**2 - 13*d + 18. Let b(c) = -8*i(c) - 3*z(c). What is the units digit of b(-15)?
6
Let u be 1/(-2) + (-118)/4. Let w = -195 - -201. What is the tens digit of (-1)/w + (-965)/u?
3
Let o(j) = -j**3 + 3*j**2 - 3*j + 143. What is the tens digit of o(-11)?
7
Let t = -478 + 799. Let s = -225 + t. What is the tens digit of s?
9
Let n = -16 - 13. Let k be ((-1)/(-1))/((-1)/n). Suppose o - k = -0*o. What is the units digit of o?
9
Let g(j) = 329*j - 336. What is the hundreds digit of g(9)?
6
Suppose j = 2*s + 792, 0*j - 3*s - 3932 = -5*j. What is the tens digit of j?
8
Let k = -9 - -13. Suppose 3*m - 2*p + 176 = -m, -k*m - 176 = 4*p. What is the tens digit of (6/(-12))/(2/m)?
1
Suppose 2*v - 497 = 5*u, 0 = -2*v - 3*u - 2*u + 527. What is the units digit of v?
6
Let o(j) = 6*j + 0 - 3 + 2. Let x(d) = d**2 - 9*d + 19. Let u be x(6). What is the units digit of o(u)?
5
Suppose 0 = -2*w + 2*j + 1974, 4*w - 3*j - 5363 + 1412 = 0. What is the tens digit of w?
9
Let f be (-1 - -4)/3 + 6. What is the units digit of f/(28/120) + 6/(-3)?
8
Let m(a) = 2*a**2 - 6*a + 5. Let g be ((-21)/(-63))/(-2 - (-14)/6). What is the units digit of m(g)?
1
Suppose u - 12 = -3*u. What is the units digit of (-1)/1 + (2 - u) - -41?
9
Let f(z) = z - 3. Let b be f(5). Suppose b*u + 1 = 3*u. Let c = 9 + u. What is the units digit of c?
0
Suppose -5*c - i = -3*i - 492, -5*i = 5. What is the tens digit of c?
9
Let h = -15 - -10. Let s be 7/(-56) - (-159)/(-8). What is the units digit of 4 - h/s*4?
3
Suppose -804 = -2*g + 7*u - 3*u, -4*u = 8. What is the hundreds digit of g?
3
Let s(b) = 14*b - 2. Let g = 20 - 15. Let t be s(g). Let x = 106 - t. What is the tens digit of x?
3
Let g(d) = -d**2 + 36*d + 14. Suppose 1 = q, n + 0*q = 5*q + 22. What is the units digit of g(n)?
7
Let q = 13 - 11. Suppose -f = q*f - 69. Suppose 36 = t - f. What is the units digit of t?
9
Let y = -484 - -1082. What is the units digit of y?
8
Let k = 3267 - 1807. What is the units digit of k?
0
Suppose 57 = -5*q + 7. Let w(g) = 3*g**2 + 17*g + 22. What is the units digit of w(q)?
2
Let d = 39 - 76. Let v = d - -41. What is the units digit of v?
4
Let x(j) = j**2 + 11*j - 23. Let h be x(-12). What is the units digit of -18*(-3)/(-9)*h?
6
Let o(l) = l + 1. Let r be o(2). Let b(m) = m - 2. Let y be b(r). Suppose 0 = p - y - 15. What is the tens digit of p?
1
Let v = 10290 + -5328. What is the thousands digit of v?
4
Suppose 0 = -14*y + 342 + 6364. What is the tens digit of y?
7
Let u(o) = 2*o**2 + 3*o + 4. Let c be u(-2). What is the units digit of ((-268)/(-2) - -4)*4/c?
2
Suppose 0 = -6*n + 4*n + 28. Suppose -5*u = -s - n, -2*u + 3*s = 2*s - 8. What is the tens digit of (-1 + -11)/(-3 + u)?
1
Suppose 0 = 3*d + 2*g - 5530, -3*d + 0*d - 9*g + 5565 = 0. What is the units digit of d?
0
Let s = 780 + -187. What is the tens digit of s?
9
Let o(u) = u**3 - 9*u**2 + 11*u - 16. Let h be o(8). Let m(p) = 6*p**2 - 9*p - 23. What is the units digit of m(h)?
9
Let s be (16/(-10))/((-4)/80). Let r be (-6)/8 + 88/s. Suppose -5*j = d - 106, -r*j + 24 = 4*d - 4. What is the units digit of j?
2
Let g be 12/(-8) + (-9)/(-6). Let f = 7 + g. Let q(y) = y + 3. What is the units digit of q(f)?
0
Suppose 3*k = -w - 0*k, -14 = -5*w - k. Suppose 8 = w*q + 2. Suppose 4*f - i = 140, f + 0*i = q*i + 28. What is the tens digit of f?
3
Let v be 1516/(-12) - (-2)/6. Let c = 14 - v. What is the units digit of c?
0
Suppose 0 = 13*c + 7712 - 19685. What is the hundreds digit of c?
9
Suppose -5*s = 3*j - 5, s + j - 1 = -s. Let z = -12 - s. What is the tens digit of (4/(-6))/(z/615)?
4
Let j be (-2 - (-2 + 0))/2. Suppose 6*m - 102 = -j*m. What is the tens digit of m?
1
Let u = -6 - -3. Suppose 3*z = 5*o - 35 - 58, 3*z - 12 = 0. Let k = o + u. What is the units digit of k?
8
Let j = 30 + -27. Suppose -j*n - 3*r = -453, -4*r + 148 = n + 3. What is the hundreds digit of n?
1
Let u(r) = -8*r - 7. Let g(b) = 15*b + 14. Let o(v) = -3*g(v) - 7*u(v). What is the hundreds digit of o(12)?
1
What is the tens digit of 25436/28 + (-42)/98?
0
Suppose 0 = -4*m + 4, 4*m + 576 = -5*p + 40. What is the units digit of 4*(-3)/p*-3*-642?
4
Suppose -41*f = -36*f - 20. Let z = 19 + -20. What is the tens digit of 116/4 - z*f?
3
Suppose -66*v = -26*v - 81960. What is the units digit of v